{"id":121,"date":"2022-04-12T11:20:48","date_gmt":"2022-04-12T11:20:48","guid":{"rendered":"https:\/\/new.tiendapirotecnia.com\/?post_type=product&#038;p=121"},"modified":"2022-04-12T11:20:50","modified_gmt":"2022-04-12T11:20:50","slug":"25-disp-kamuro-30-mm","status":"publish","type":"product","link":"https:\/\/new.tiendapirotecnia.com\/index.php\/producto\/25-disp-kamuro-30-mm\/","title":{"rendered":"25 Disp. Kamuro (30 mm)"},"content":{"rendered":"<p>Bater\u00eda 25 disparos consecutivos de troncos de color y explosi\u00f3n de palmeras de kamuro. CATEGOR\u00cdA 2.<\/p>\n","protected":false},"excerpt":{"rendered":"<p>Bater\u00eda 25 disparos consecutivos de troncos de color y explosi\u00f3n de palmeras de kamuro. CATEGOR\u00cdA 2.<\/p>\n","protected":false},"featured_media":119,"comment_status":"open","ping_status":"closed","template":"","meta":{"_et_pb_use_builder":"","_et_pb_old_content":"","_et_gb_content_width":""},"product_cat":[26],"product_tag":[],"class_list":{"0":"post-121","1":"product","2":"type-product","3":"status-publish","4":"has-post-thumbnail","6":"product_cat-castillos-grandes","8":"first","9":"instock","10":"taxable","11":"shipping-taxable","12":"purchasable","13":"product-type-simple"},"_links":{"self":[{"href":"https:\/\/new.tiendapirotecnia.com\/index.php\/wp-json\/wp\/v2\/product\/121","targetHints":{"allow":["GET"]}}],"collection":[{"href":"https:\/\/new.tiendapirotecnia.com\/index.php\/wp-json\/wp\/v2\/product"}],"about":[{"href":"https:\/\/new.tiendapirotecnia.com\/index.php\/wp-json\/wp\/v2\/types\/product"}],"replies":[{"embeddable":true,"href":"https:\/\/new.tiendapirotecnia.com\/index.php\/wp-json\/wp\/v2\/comments?post=121"}],"wp:featuredmedia":[{"embeddable":true,"href":"https:\/\/new.tiendapirotecnia.com\/index.php\/wp-json\/wp\/v2\/media\/119"}],"wp:attachment":[{"href":"https:\/\/new.tiendapirotecnia.com\/index.php\/wp-json\/wp\/v2\/media?parent=121"}],"wp:term":[{"taxonomy":"product_cat","embeddable":true,"href":"https:\/\/new.tiendapirotecnia.com\/index.php\/wp-json\/wp\/v2\/product_cat?post=121"},{"taxonomy":"product_tag","embeddable":true,"href":"https:\/\/new.tiendapirotecnia.com\/index.php\/wp-json\/wp\/v2\/product_tag?post=121"}],"curies":[{"name":"wp","href":"https:\/\/api.w.org\/{rel}","templated":true}]}}