{"id":25,"date":"2022-04-12T09:44:19","date_gmt":"2022-04-12T09:44:19","guid":{"rendered":"https:\/\/new.tiendapirotecnia.com\/?post_type=product&#038;p=25"},"modified":"2022-04-12T09:44:20","modified_gmt":"2022-04-12T09:44:20","slug":"bateria-81-silbidos","status":"publish","type":"product","link":"https:\/\/new.tiendapirotecnia.com\/index.php\/producto\/bateria-81-silbidos\/","title":{"rendered":"Bater\u00eda 81 Silbidos"},"content":{"rendered":"<p>Bater\u00eda de 81 silbatos que suben a gran altura y producen una peque\u00f1a detonaci\u00f3n. CLASE II.<\/p>\n","protected":false},"excerpt":{"rendered":"<p>Bater\u00eda de 81 silbatos que suben a gran altura y producen una peque\u00f1a detonaci\u00f3n. CLASE II.<\/p>\n","protected":false},"featured_media":26,"comment_status":"open","ping_status":"closed","template":"","meta":{"_et_pb_use_builder":"","_et_pb_old_content":"","_et_gb_content_width":""},"product_cat":[18],"product_tag":[],"class_list":{"0":"post-25","1":"product","2":"type-product","3":"status-publish","4":"has-post-thumbnail","6":"product_cat-castillos-infantiles","8":"first","9":"instock","10":"taxable","11":"shipping-taxable","12":"purchasable","13":"product-type-simple"},"_links":{"self":[{"href":"https:\/\/new.tiendapirotecnia.com\/index.php\/wp-json\/wp\/v2\/product\/25","targetHints":{"allow":["GET"]}}],"collection":[{"href":"https:\/\/new.tiendapirotecnia.com\/index.php\/wp-json\/wp\/v2\/product"}],"about":[{"href":"https:\/\/new.tiendapirotecnia.com\/index.php\/wp-json\/wp\/v2\/types\/product"}],"replies":[{"embeddable":true,"href":"https:\/\/new.tiendapirotecnia.com\/index.php\/wp-json\/wp\/v2\/comments?post=25"}],"wp:featuredmedia":[{"embeddable":true,"href":"https:\/\/new.tiendapirotecnia.com\/index.php\/wp-json\/wp\/v2\/media\/26"}],"wp:attachment":[{"href":"https:\/\/new.tiendapirotecnia.com\/index.php\/wp-json\/wp\/v2\/media?parent=25"}],"wp:term":[{"taxonomy":"product_cat","embeddable":true,"href":"https:\/\/new.tiendapirotecnia.com\/index.php\/wp-json\/wp\/v2\/product_cat?post=25"},{"taxonomy":"product_tag","embeddable":true,"href":"https:\/\/new.tiendapirotecnia.com\/index.php\/wp-json\/wp\/v2\/product_tag?post=25"}],"curies":[{"name":"wp","href":"https:\/\/api.w.org\/{rel}","templated":true}]}}